hen k is divided by 12.
11
Let p = 0 - -3. Suppose -p*j = -28 - 17. Calculate the remainder when j is divided by 9.
6
Suppose -2*i + 6 = -i. Calculate the remainder when i/15 + (-96)/(-10) is divided by (2/(-4))/(1/(-8)).
2
Suppose 1 = -s, 5*q + s - 99 - 130 = 0. What is the remainder when 183 is divided by q?
45
Let l = 33 + -18. Let h = 31 - l. What is the remainder when 30 is divided by h?
14
Let r = 7 - 5. Suppose 5*g - 13 = 3*q, g - 2*g = r*q. Suppose i - 4*m - g = 7, 0 = -3*m + 6. Calculate the remainder when i is divided by 6.
5
Suppose 4*t + 37 = -179. Let v = 95 + t. Suppose 24 = z + 2*g, -2*g + 3*g = z - 9. Calculate the remainder when v is divided by z.
13
Let f(r) be the first derivative of r**4/4 + r**3/3 + 2. Let n be f(0). Suppose v = -n*v + 17. Calculate the remainder when 49 is divided by v.
15
Suppose -4*v - 31 = -4*o - o, -3*o + 2*v + 17 = 0. Let d = -5 - -1. Let w = o - d. Calculate the remainder when w is divided by 4.
3
Let b(l) = -2*l - 11. Let c be b(-16). Let q = -12 + c. What is the remainder when 16 is divided by q?
7
Suppose -2*m - 2 = 0, -4*i + 2*i + 331 = 3*m. Calculate the remainder when i is divided by 34.
31
Let o be (4/1)/(0 - -1). Suppose 0 = 4*h - 4*f + 76, 0*h - 38 = 2*h + o*f. Let c = h + 42. Calculate the remainder when c is divided by 12.
11
What is the remainder when 125 is divided by (-3)/(-9) + 477/27?
17
Suppose 4*p - 2*x = 168, -2*p + p + 2*x + 48 = 0. Calculate the remainder when 117 is divided by p.
37
Let f be ((-38)/(-8))/(2/8). Suppose 4*y - 9 = f. Suppose -y = -2*q + 1. Calculate the remainder when 11 is divided by q.
3
Let m be 22/3 + (-8)/(-12). Suppose 0 = 4*g - m*g - 4. Let h = 4 + g. What is the remainder when 7 is divided by h?
1
Suppose o - 78 = -o. Suppose 0 = -3*p + 2*p - 4. Let l(b) = -b**3 - 4*b**2 - 3*b - 2. What is the remainder when o is divided by l(p)?
9
Let l(q) = -q**3 - 4*q**2 + 6*q - 7. Calculate the remainder when l(-6) is divided by -2 - ((-9 - 2) + -1).
9
Suppose -2*z = -333 + 121. Calculate the remainder when z is divided by 36.
34
Suppose 3*w = 2*x - 19, 4 = -3*x - 5*w + 42. Let l(o) = -50*o**3 + o**2 - 4*o - 3. Calculate the remainder when l(-1) is divided by x.
8
Let p = -57 + 65. Calculate the remainder when 29 is divided by p.
5
Suppose n + 456 = 5*n. What is the remainder when n is divided by 29?
27
Suppose -3*f + 0*h + 12 = -5*h, 4*h = -f + 4. Calculate the remainder when f is divided by 4.
0
Suppose -i - z = -2*z - 7, 2*i + 2*z = 14. Let u = 3 + i. Let t(r) = -r**3 + r - 2. Calculate the remainder when u is divided by t(-2).
2
Let a = 67 - -28. What is the remainder when a is divided by 32?
31
Let v(t) = -t**2 + 18*t - 37. Calculate the remainder when 38 is divided by v(15).
6
Suppose 4*q = 7*q - 39. Suppose -5*m + 5*k + 13 = -127, m = 3*k + 36. Calculate the remainder when m is divided by q.
11
Suppose -71 = -3*x - 2*v, x - 4*v - 155 = -4*x. Calculate the remainder when x is divided by 7.
6
Let b(y) be the third derivative of -1/30*y**5 - 1/6*y**3 + 0*y + 0 + 1/12*y**4 + 13/40*y**6 + y**2. What is the remainder when b(1) is divided by 20?
18
What is the remainder when -1 + (1 + 16 - -1) is divided by (13/(-26))/(2/(-36)*1)?
8
Let d(l) = 36*l**3 - 2*l**2 + 2. Calculate the remainder when d(1) is divided by 19.
17
Let s = -17 + 25. Let i = 32 - s. Let r = -5 + 75. What is the remainder when r is divided by i?
22
Let s = 66 + -30. What is the remainder when 143 is divided by s?
35
What is the remainder when 8*-16*(-1)/2 is divided by 13?
12
Let q(v) = -16*v - 2. Let l be q(-3). Let s = -28 + l. What is the remainder when s is divided by 5?
3
Calculate the remainder when 26 is divided by 117/17 + 32/272.
5
Let c = -42 - -75. Suppose -4*r + c = -r. Calculate the remainder when r is divided by 6.
5
Let o(w) = w**2 - 2*w - 7. What is the remainder when 30 is divided by o(-3)?
6
Suppose 5*l - 85 = 3*y, -3*y + 50 = 5*l + y. What is the remainder when 22 is divided by l?
8
Let p = -9 + 65. Let k be -2 + (-64)/2 + 0. Let t = k + p. Calculate the remainder when t is divided by 12.
10
Let q be (-3)/(0 - 3)*4. Suppose -37 = -q*j + 63. Suppose -3*t - 2*t + j = 0. What is the remainder when 9 is divided by t?
4
Let a = -1 - -5. Suppose 0 = 4*v, -a*b + 10 = v - 26. Let d = 2 - -3. What is the remainder when b is divided by d?
4
Let j = 778 - 1098. Let n be j/24*(-6)/4. Let q = -12 + n. Calculate the remainder when q is divided by 5.
3
Let j be 2*8 + 2 + 0. Let u = -12 + j. Suppose -3*z = 1 - 13. Calculate the remainder when u is divided by z.
2
Suppose 5*i + 4*h - 27 = 0, 0 = -i + 5*h - 6*h + 6. Suppose -2 - 4 = -i*y. What is the remainder when y is divided by 1?
0
Suppose 2*i - 12 = -4. Suppose -d + 41 = -0*d + 2*l, 0 = -3*d - i*l + 113. Calculate the remainder when d is divided by 16.
15
Let m = 3 + -3. Let o = m + 4. Suppose 0 = -3*h + 7*h - 12. What is the remainder when o is divided by h?
1
Suppose 135 = 5*y + 5*b, -5*y + 5*b = 2*b - 111. Calculate the remainder when 61 is divided by y.
13
Let b(k) = -12*k - 17. What is the remainder when b(-4) is divided by 8?
7
Suppose -12 = j - 4*j, -4*r + 5*j + 348 = 0. What is the remainder when r is divided by 31?
30
Let l(o) = 5*o - 1. Suppose w - 384 = -2*w. Suppose 4*d - w = 2*r + r, 2*d = -5*r + 90. What is the remainder when d is divided by l(4)?
16
Let p(g) = 6*g + 8. What is the remainder when p(12) is divided by 21?
17
Let a be ((-4)/3*3)/(-2). Suppose -20 = -t - q, -t - 3*t + 72 = a*q. What is the remainder when t is divided by 9?
7
Let q(j) = 2*j**2 + 13*j + 11. Let n(l) = l**3 - 7*l**2 - 9. Let d be n(7). Calculate the remainder when q(d) is divided by 19.
18
Let g be 16 - (-1)/(-2)*2. Let p be g/(-6)*12/(-15). Suppose 5*y = 2*t + t + 51, -2*t + 14 = p*y. What is the remainder when 26 is divided by y?
8
Let b(j) = j**2 - j - 7. Calculate the remainder when 51 is divided by b(-4).
12
Let o = 9 + -5. Suppose o = 3*t + 2*x - 115, -205 = -5*t - 2*x. Calculate the remainder when t is divided by 23.
20
Suppose 2*o - 68 = -4*v, v + 3*o - 10 = 7. What is the remainder when 62 is divided by v?
11
What is the remainder when ((-166)/4)/(-2 - (-35)/20) is divided by 24?
22
Suppose -3*j = 3*m + 129, 0*m + 2*m + j = -87. Let d be (-1492)/(-22) - 8/m. Suppose -5*p - 28 = -d. Calculate the remainder when 14 is divided by p.
6
What is the remainder when 12/30 - (-226)/10 is divided by 6?
5
Let v(s) = 22*s**2 - s - 1. Let t be v(-1). Let y = 32 - t. What is the remainder when y is divided by 6?
4
Let r be (-2)/(-11) + (-334)/22. Let o = r - -25. Calculate the remainder when 17 is divided by o.
7
Let h be -52*(2 + -1)/(-2). What is the remainder when (-4)/h - (-1360)/52 is divided by 9?
8
Calculate the remainder when 139 is divided by (-16)/(-10)*100/8.
19
Calculate the remainder when 11 is divided by ((-8)/(-6))/((-3)/(-9)).
3
Suppose -13*q = -14*q + 8. Suppose i + m - 11 = 0, -i + q = 2*m - 0. Suppose 5*g + 0*l - l = 206, 0 = -l - 1. What is the remainder when g is divided by i?
13
Suppose 65 = f + 4*f. What is the remainder when 36 is divided by f?
10
Let n = -64 - -114. Let r be 6/4*n/15. Suppose 0*v = -r*v + 110. Calculate the remainder when 42 is divided by v.
20
Let q = 84 + -77. Calculate the remainder when 12 is divided by q.
5
Let z(p) = p**3 + 2*p**2 - 2*p - 1. Let j be z(-2). Let y = j - -16. Calculate the remainder when 37 is divided by y.
18
Let j(q) = 18*q - 26. Calculate the remainder when j(4) is divided by 10.
6
Let u(q) = 3*q + 1. Let f be u(4). Let n(v) = -v**3 + 3*v**2 + 2*v + 2. Let g be n(3). Let c = f - g. What is the remainder when c is divided by 3?
2
Let q(v) = v**2 - 2*v - 2. What is the remainder when (260/(-8))/(4/(-8)) is divided by q(6)?
21
Let o be (-22)/(-10) + 1/(-5). Calculate the remainder when 26 is divided by 3 + (13 - o) + 0.
12
Let z(m) = -m**3 - 11*m**2 - 3*m - 8. Calculate the remainder when z(-11) is divided by 10.
5
Suppose -134 = -3*i - 5*y, -2*y - 3*y = -i + 18. What is the remainder when i is divided by 10?
8
Let x = -26 - -14. What is the remainder when 0 + 42 - (x - -9) is divided by 16?
13
Suppose f + 2 = -4*p, f + 2*p + 0*p = 2. Calculate the remainder when 8 is divided by f.
2
Let j be 2/4*(8 + -8). Suppose j = 5*y - 28 - 47. Calculate the remainder when 11 is divided by ((-70)/y)/((-